{"id":609,"date":"2025-04-06T04:22:29","date_gmt":"2025-04-06T02:22:29","guid":{"rendered":"http:\/\/localhost\/mipagina2\/?page_id=609"},"modified":"2025-05-02T19:57:02","modified_gmt":"2025-05-02T17:57:02","slug":"vision","status":"publish","type":"page","link":"https:\/\/solucionesyserviciosti.com\/?page_id=609","title":{"rendered":"VISI\u00d3N"},"content":{"rendered":"\n<blockquote class=\"wp-block-quote is-layout-flow wp-block-quote-is-layout-flow\">\n<p class=\"has-text-align-left has-pale-cyan-blue-background-color has-background\">Llegar a ser el socio de negocio preferido para la integraci\u00f3n de soluciones y tecnolog\u00eda. Que permita a los clientes ser m\u00e1s eficientes en sus procesos de negocios, mejorando la calidad de sus productos y servicios. Para lograr lo anterior nuestra empresa cuenta con un grupo de colaboradores talentosos, apasionados y \u00e9ticos comprometidos con la excelencia y que se enorgullecen de formar parte de nuestra organizaci\u00f3n, actuando con un claro sentido de responsabilidad sobre los activos de la empresa bajo su cuidado. A fin de satisfacer las necesidades de clientes y accionista, operan bajo un enfoque que promueve la cultura de alineamiento de ejecuci\u00f3n organizacional.<\/p>\n<\/blockquote>\n\n\n\n<p class=\"has-palette-color-8-background-color has-background\"><\/p>\n\n\n\n<p><\/p>\n","protected":false},"excerpt":{"rendered":"<p>Llegar a ser el socio de negocio preferido para la integraci\u00f3n de soluciones y tecnolog\u00eda. Que permita a los clientes ser m\u00e1s eficientes en sus procesos de negocios, mejorando la calidad de sus productos y servicios. Para lograr lo anterior nuestra empresa cuenta con un grupo de colaboradores talentosos, apasionados y \u00e9ticos comprometidos con la [&hellip;]<\/p>\n","protected":false},"author":1,"featured_media":0,"parent":0,"menu_order":0,"comment_status":"closed","ping_status":"closed","template":"","meta":{"footnotes":""},"class_list":["post-609","page","type-page","status-publish","hentry"],"blocksy_meta":[],"_links":{"self":[{"href":"https:\/\/solucionesyserviciosti.com\/index.php?rest_route=\/wp\/v2\/pages\/609","targetHints":{"allow":["GET"]}}],"collection":[{"href":"https:\/\/solucionesyserviciosti.com\/index.php?rest_route=\/wp\/v2\/pages"}],"about":[{"href":"https:\/\/solucionesyserviciosti.com\/index.php?rest_route=\/wp\/v2\/types\/page"}],"author":[{"embeddable":true,"href":"https:\/\/solucionesyserviciosti.com\/index.php?rest_route=\/wp\/v2\/users\/1"}],"replies":[{"embeddable":true,"href":"https:\/\/solucionesyserviciosti.com\/index.php?rest_route=%2Fwp%2Fv2%2Fcomments&post=609"}],"version-history":[{"count":3,"href":"https:\/\/solucionesyserviciosti.com\/index.php?rest_route=\/wp\/v2\/pages\/609\/revisions"}],"predecessor-version":[{"id":779,"href":"https:\/\/solucionesyserviciosti.com\/index.php?rest_route=\/wp\/v2\/pages\/609\/revisions\/779"}],"wp:attachment":[{"href":"https:\/\/solucionesyserviciosti.com\/index.php?rest_route=%2Fwp%2Fv2%2Fmedia&parent=609"}],"curies":[{"name":"wp","href":"https:\/\/api.w.org\/{rel}","templated":true}]}}